3
In base 4, what is 112002 - 1?
112001
In base 8, what is 33 - 0?
33
In base 11, what is 1 + 44?
45
In base 5, what is 21341 + -13?
21323
In base 8, what is 0 - -2747?
2747
In base 14, what is 0 - -45?
45
In base 8, what is 2 - 1234?
-1232
In base 3, what is 210 + -2111?
-1201
In base 8, what is 35 + 26?
63
In base 2, what is -101 + 1101001001?
1101000100
In base 3, what is -2 - -201?
122
In base 15, what is 3b + -5?
36
In base 9, what is 1 - 617?
-616
In base 9, what is 7 - 336?
-328
In base 7, what is 432 + -5?
424
In base 6, what is 3250 + -3?
3243
In base 13, what is -14 + -2?
-16
In base 13, what is -2 - 506?
-508
In base 13, what is 5 - -126?
12b
In base 15, what is 3 - 6?
-3
In base 3, what is -2122012 - 21?
-2122110
In base 12, what is 1711 + 4?
1715
In base 9, what is -734 - -4?
-730
In base 3, what is 220 - 20?
200
In base 13, what is 57 - 3?
54
In base 16, what is 17 - 16?
1
In base 14, what is -3 - a7b?
-a80
In base 3, what is 21110 + 101?
21211
In base 5, what is 21 + 0?
21
In base 3, what is -11 + -212102?
-212120
In base 4, what is 333 - 0?
333
In base 5, what is 12 - -12213?
12230
In base 7, what is 4 + 342?
346
In base 14, what is 1b - 1ad?
-192
In base 10, what is -21 + -57?
-78
In base 7, what is -6 - -120?
111
In base 15, what is -a - ce?
-d9
In base 16, what is -145a - 2?
-145c
In base 14, what is -2 - 9a?
-9c
In base 7, what is -4 - 1032?
-1036
In base 16, what is a7 + 3?
aa
In base 5, what is 14231 + -3?
14223
In base 3, what is 221 - -201?
1122
In base 7, what is 124 + 332?
456
In base 7, what is -42 - -345?
303
In base 15, what is -943 + -1?
-944
In base 6, what is 13254 - 1?
13253
In base 14, what is a - c6?
-ba
In base 4, what is 0 - -1002?
1002
In base 16, what is 6 + 8?
e
In base 3, what is -1 - -12002010?
12002002
In base 2, what is -11 - 10100001?
-10100100
In base 9, what is -12 - 73?
-85
In base 11, what is 8 - -117?
124
In base 13, what is -4 + 2?
-2
In base 5, what is -2 - -14?
12
In base 5, what is -1 - -1030?
1024
In base 8, what is 243 - -3?
246
In base 15, what is 43c6 + -2?
43c4
In base 6, what is 2 + 414?
420
In base 14, what is 1ac + 8?
1b6
In base 9, what is 200 + -3?
186
In base 15, what is -87 - -5?
-82
In base 2, what is -100 - 10101010?
-10101110
In base 10, what is 0 - -238?
238
In base 12, what is -100 + -1?
-101
In base 10, what is -6 - 237?
-243
In base 12, what is -1596 + 5?
-1591
In base 15, what is 11 - -10?
21
In base 10, what is -1 - -1504?
1503
In base 3, what is 0 - 221?
-221
In base 9, what is 144 - -17?
162
In base 16, what is -14b - 23?
-16e
In base 13, what is 0 - -322?
322
In base 15, what is -39 + 0?
-39
In base 16, what is 5 + 28?
2d
In base 9, what is 5 + -42?
-36
In base 15, what is 58d + 2?
590
In base 5, what is -41 + 12112?
12021
In base 10, what is -303 - 0?
-303
In base 13, what is 0 + -11?
-11
In base 8, what is 2 + 352?
354
In base 6, what is -205 + -31?
-240
In base 11, what is -2635 - -1?
-2634
In base 2, what is 1 - 1000001100?
-1000001011
In base 2, what is 1 + 10011000?
10011001
In base 16, what is 2 + 45?
47
In base 9, what is 207 + 4?
212
In base 9, what is 285 + -7?
277
In base 4, what is 20 + 300?
320
In base 9, what is -87 + -2?
-100
In base 15, what is 2 - e9?
-e7
In base 12, what is 1 + -20?
-1b
In base 15, what is 2 + 68?
6a
In base 2, what is -1100110 + 1?
-1100101
In base 6, what is 15544 + 0?
15544
In base 5, what is 11234 - -4?
11243
In base 16, what is 2 - -bc0?
bc2
In base 6, what is -54203 + 0?
-54203
In base 13, what is -313 - -5?
-30b
In base 3, what is -1 - 122200?
-122201
In base 9, what is 163 - 2?
161
In base 9, what is -57 - 2?
-60
In base 12, what is 13 + 19?
30
In base 2, what is -110000000 + -11?
-110000011
In base 5, what is 1412 - -4?
1421
In base 7, what is 5 + -666?
-661
In base 15, what is 5b4 + 1?
5b5
In base 10, what is 25 + 18?
43
In base 10, what is -117 - -3?
-114
In base 16, what is -7 + 1e?
17
In base 2, what is 0 - -1000?
1000
In base 8, what is 5 - 36?
-31
In base 10, what is -5 + 1085?
1080
In base 16, what is 11 + -8?
9
In base 8, what is 213 - 5?
206
In base 12, what is 0 - 38?
-38
In base 13, what is 43 + -1a?
26
In base 14, what is -4 + 2?
-2
In base 11, what is 4 - 531?
-528
In base 15, what is 1 + 5?
6
In base 3, what is -11 + -102020?
-102101
In base 8, what is 7 - 16?
-7
In base 6, what is -232 + -5?
-241
In base 2, what is -111001 - 10011?
-1001100
In base 12, what is 330 - -5?
335
In base 13, what is 1 - 188?
-187
In base 8, what is -134 - -460?
324
In base 4, what is 2321 + 10?
2331
In base 7, what is -100 - -13?
-54
In base 14, what is -2 + -a92?
-a94
In base 9, what is 12 - -230?
242
In base 5, what is -1221 - -142?
-1024
In base 4, what is 123323 - -10?
123333
In base 13, what is 4 + -91?
-8a
In base 12, what is -70a8 + 0?
-70a8
In base 3, what is 100110 + -10?
100100
In base 9, what is -3 - 576?
-580
In base 15, what is 16 + -14a?
-134
In base 11, what is 7 - 82?
-76
In base 7, what is -151 - 2?
-153
In base 13, what is -3 - a79?
-a7c
In base 8, what is -5 + 77?
72
In base 2, what is 1100 + -101?
111
In base 13, what is -3 - -29?
26
In base 10, what is 12 - 1123?
-1111
In base 2, what is 10111001010 + 0?
10111001010
In base 9, what is 2 + -560?
-557
In base 16, what is -1d - -5?
-18
In base 10, what is 2 - -210?
212
In base 2, what is 1100101000 - 10?
1100100110
In base 14, what is 5a - -4?
60
In base 13, what is a + -326?
-319
In base 2, what is 1011 - -1010010?
1011101
In base 12, what is 3 - -a3?
a6
In base 4, what is 30 + -1?
23
In base 10, what is -15 + 166?
151
In base 5, what is 3211 - -2?
3213
In base 15, what is 34 + -6?
2d
In base 14, what is -99 - 5?
-a0
In base 5, what is -32 + 41?
4
In base 8, what is 4 + -4?
0
In base 4, what is 1 - 3110?
-3103
In base 13, what is 4 - -2157?
215b
In base 15, what is 5 - -140?
145
In base 8, what is 174 + -3?
171
In base 16, what is db - 1c?
bf
In base 9, what is 1266 - 6?
1260
In base 8, what is -1 + 3270?
3267
In base 16, what is -2 - -19d?
19b
In base 10, what is -1 - 161?
-162
In base 5, what is 1 + -113?
-112
In base 7, what is 45624 + 5?
45632
In base 12, what is 4b7 + 5?
500
In base 12, what is -4 - -3148?
3144
In base 10, what is -21 + -27?
-48
In base 14, what is -3 - -62?
5d
In base 15, what is -2 - 99?
-9b
In base 10, what is 4 - -1425?
1429
In base 3, what is -201 + 12?
-112
In base 13, what is -3 - 21c?
-222
In base 13, what is 29 - 1b?
b
In base 16, what is d + 3a?
47
In base 12, what is 226 + -7?
21b
In base 4, what is -133 + 2?
-131
In base 3, what is 20 - -12022111?
12022201
In base 2, what is -1010010101 + -100?
-1010011001
In base 3, what is -12 - -2101?
2012
In base 7, what is -5 + 16143?
16135
In base 12, what is -73 - -8?
-67
In base 13, what is -b7 - -7?
-b0
In base 2, what is 1110010 + -101001?
1001001
In base 2, what is 1 + -1010101?
-1010100
In base 15, what is 3418 - -2?
341a
In base 11, what is 3815 + 2?
3817
In base 2, what is 1001 - -1010?
10011
In base 7, what is 5 - -14?
22
In base 5, what is -300 - 4?
-304
In base 7, what is 2 + 1140?
1142
In base 11, what is 0 + -9?
-9
In base 13, what is -5 - 142?
-147
In base 7, what is 10 - 4005?
-3665
In base 10, what is 1251 + 4?
1255
In base 8, what is 1 + -242?
-241
In base 15, what is 203 - -33?
236
In base 7, what is 4340 - -2?
4342
In base 7, what is -16601 - 5?
-16606
In base 15, what is -2 - -28?
26
In base 10, what is -213 - -2?
-211
In base 15, what is ec - -5?
102
In base 16, what is -130 + 0?
-130
In base 15, what is -a73 + 2?
-a71
In base 6, what is -220 + 244?
24
In base 3, what is 11 - -11120?
11201
In base 13, what is -44 + -1?
-45
In base 13, what is 7248 + -3?
7245
In base 5, what is 3323 + 2?
3330
In base 10, what is 9 + 506?
515
In base 16, what is d + -b?
2
In base 4, what is -2 + -1121?
-1123
In base 10, what is -80 - 5?
-85
In base 12, what is 14 - 0?
14
In base 4, what is 0 - -1031?
1031
In base 7, what is 4 + -1045?
-1041
In base 3, what is -1 - 20?
-21
In base 15, what is -15b - -2?
-159
In base 7, what is 263 - 12?
251
In base 16, what is 3 + 1c?
1f
In base 7, what is 10524 + 3?
10530
In base 5, what is -4022 + -4?
-4031
In base 10, what is 12 - 52?
-40
In base 13, what is 3 - 2581?
-257b
In base 4, what is 13131 + -2?
13123
In base 11, what is 4 + -a0?
-97
In ba